Let o(d) = 10*d**2 + 34*d - 4*d**3 + 14*d**2 + 1 + 1. Let f(h) = -7*j(h) + 2*o(h). Suppose 0 = u + 15 - 8. Determine f(u).
11
Let y(q) = 2*q**2 - 2*q + 2. Suppose -20 = -5*p - 80. Let w(a) = -a - 13. Let x be w(p). Let b = x - -3. Determine y(b).
6
Let r = -6818 - -6820. Let l(p) = 14*p**2 + 2*p - 5. What is l(r)?
55
Let h(g) = 17*g**2 - 8*g - 52. Let b(l) = 25*l**2 - 10*l - 51. Let o(t) = 2*b(t) - 3*h(t). Calculate o(9).
9
Let r(g) be the third derivative of -2*g**2 + 1/2*g**3 - 1/8*g**4 - 17*g + 0. What is r(-3)?
12
Let x(h) be the first derivative of -4*h - 1/3*h**3 - 7/2*h**2 - 3. Suppose 4*y + 23*q + 5 = 26*q, 0 = 3*y - 3*q. Give x(y).
6
Let k(a) = 10*a + 30. Let w = -6855 + 6853. Calculate k(w).
10
Let a(p) = -2*p + 12. Let f be a(6). Let c = f + -7. Let m(h) = -3*h - 10. Determine m(c).
11
Suppose 4*n = 4*w + 8, -4*w + 209 = 217. Let p(l) = -4*l + 39. Calculate p(n).
39
Let x(c) = -c**3 + 6*c**2 - 4. Let t be ((-5)/4 - -1) + 1400/(-800). Let a(w) = w + 0 + 8 + 2*w - 2*w. Let u be a(t). What is x(u)?
-4
Let z(r) = -4*r - 19. Let p(j) = 7*j + 34. Let x(f) = -3*p(f) - 5*z(f). Suppose y = -2*y + 9. Let v be (-21)/y + 2 + -1. Calculate x(v).
-1
Let n(f) = f**3 - 6*f**2 + f + 1. Let r be (27/(-36))/(0 + 1/(-16)). Let u = r - 6. Determine n(u).
7
Let o(l) = -16*l + 3. Let f(t) = 9*t - 1. Let p = -83 - -87. Let q(y) = p*o(y) + 7*f(y). Determine q(-8).
13
Let a(q) be the first derivative of 5*q**2 - 43*q + 3766. What is a(3)?
-13
Suppose 0 = b - 2*b + 47. Let w = b + -43. Let k(m) = 0 + 1 - 1 + w + 2*m. Determine k(-6).
-8
Let l(d) = 2*d**3 - 4*d**2 - d + 1. Let n(i) = -265*i - 1322. Let s be n(-5). Determine l(s).
16
Let s(x) = x**3 + 3*x**2 - 12*x - 6. Let i be (9/(-6)*(-400)/(-180))/(2/3). Calculate s(i).
4
Suppose z = 3*d, -z - 4*d = -0*d - 35. Let h be ((9/(-5))/(z/(-50)))/2. Let f(w) = w**3 + 13*w + h - 19*w - w**3 + 6*w**2 - w**3. Determine f(4).
11
Let r(v) = -v**3 + 11*v**2 - 11*v + 14. Suppose -45*p = -26*p - 190. What is r(p)?
4
Let r = 1094 - 1094. Let c(h) = h**2 - h + 82. What is c(r)?
82
Suppose 0 = -165*d - 2414 - 1871 - 1160. Let g(c) = -3*c - 88. Give g(d).
11
Suppose -118 = 4*o - 5*o + 2*a, -a = -4. Let y = o + -129. Let g(v) = 13*v + 4. What is g(y)?
-35
Let i(o) be the first derivative of o**4/4 + o**3 + o**2 + o + 261. Determine i(-1).
1
Let k(c) be the second derivative of 13*c**3/6 + 17*c**2 - 61*c. What is k(-3)?
-5
Let i = 7523 - 7518. Let w(f) = -f**2 - 9. Give w(i).
-34
Let p(z) = z**3 + 4*z**2 + 5*z + 4. Let q be p(-2). Let t(i) = -23 + 4*i**q + 9 - 5*i**2 + 16. Give t(0).
2
Let z be 1368/(-570)*(-20)/6. Suppose 0 = -14*u + 13*u + 4. Let d(p) = -5*p - 5*p**2 + 12*p + 9 + u*p**2. Give d(z).
1
Let m(b) be the first derivative of 2*b**3 + b**2/2 - b - 5270. Let r(v) = -2*v + 13. Let f be r(6). Determine m(f).
6
Let x(c) = 4*c**3 + 2*c**2 - c. Let l(b) = 15*b - 182. Let w be (-18)/((5 - 11)*3/12). Let s be l(w). Calculate x(s).
-22
Let b = -4295 + 4299. Let g(h) = -2*h**2 + 11*h - 8. What is g(b)?
4
Let p(i) = 2*i - 23. Let n(b) = 2*b + 211. Let f(w) = n(w) + 10*p(w). Calculate f(-2).
-63
Let z(b) = -13*b**3 - b**2 - 14*b - 13. Let v(p) = 2*p**2 + 40*p - 523. Let f be v(9). Give z(f).
13
Let b(s) be the first derivative of s**2/2 + s + 2. Suppose 0 = -6443*n + 6467*n. Determine b(n).
1
Suppose -b + 64 = 4*x, -11 = -3*b + 1. Let c(r) = -r**3 + 16*r**2 - 18*r + 7. Determine c(x).
-38
Let l(m) = m**3 + 10*m**2 + 3*m + 33. Let z be l(-10). Let s(g) = 4*g**2 - 4*g**z - 496*g + 1 - 2*g**2 + 497*g. Determine s(2).
-21
Let j = 12 + 32. Let x be j/(-24) + 5/(-30). Let w be (10/(-4) - x)*2. Let g(h) = 2*h**3 - 2*h**2 + 1. Give g(w).
-3
Suppose 0 = -14*l + 2*l + 36. Suppose l*v = v + 6. Let c(x) = -x**3 + 2*x**2 - 3*x + 2. Determine c(v).
-16
Let s(u) = -30*u + 152. Let n be s(5). Let c(m) = -m**2 - 4*m + 5. What is c(n)?
-7
Let h be 47/9 + 8*(-5)/180. Let m(s) be the third derivative of -s**5/60 + 7*s**4/24 - 5*s**3/6 - 7*s**2. Calculate m(h).
5
Suppose 2*h = -2*h - 4. Let m(q) be the second derivative of q**2/2 + 285*q - 1. Let i(x) = x**3 + 1. Let u(g) = h*i(g) + 2*m(g). Calculate u(1).
0
Let x(a) = a - 29*a**3 - 1 - 28*a**3 + 56*a**3. Let p(h) = -4*h**3 + 7*h**2 + 9*h - 5. Let t(w) = p(w) - 5*x(w). Calculate t(-6).
12
Let z(w) = -5*w + 31. Suppose -8*q = 13*q - 2*q - 76. Determine z(q).
11
Suppose 10*z - 11*z = 5*n - 26, 3*z - 3*n = 6. Let l(d) = -8*d + 10. Give l(z).
-38
Let r(v) = 4*v + 13. Suppose -g - 5*s - 28 = -0*s, 5*s = -4*g - 52. Give r(g).
-19
Let x(m) = -m**3 - 5*m**2 + 7*m + 2. Let d be -6 + (4 - -1 - -11). Suppose 40 = -d*g - 20. Determine x(g).
-4
Let h(a) be the second derivative of 11*a + 5/2*a**2 + 0 + 11/6*a**3. Determine h(-2).
-17
Let k(r) = -6*r**2 - 14. Let t(g) = -35*g**2 - 89. Let u(n) = -38*k(n) + 6*t(n). Calculate u(1).
16
Let m be 1/(-3) + 75/(-45). Let j be (4 + m)/(1/(-2) - 0). Let f(w) = w**3 + 3*w**2 - 5*w + 2. Determine f(j).
6
Let m = 79 + -73. Suppose m*z - 8 = 4*z. Suppose g = -3*g + 4*k, 2*g + z = k. Let w(n) = n**3 + 4*n**2 + 5. What is w(g)?
5
Let l be 4 + (-386 - -6 - 4). Let z = l + 379. Let x(c) = 6*c**2 + c. What is x(z)?
5
Let f(u) = -7*u + 2. Let r(b) = -b**3 - 19*b**2 + b + 17. Let j(w) = -10*w + 11. Let d be j(3). Let g be r(d). What is f(g)?
16
Let p(i) = -2*i. Let n be p(6). Let u(q) = 13 + 2 - 449282*q + 449283*q + 4. Determine u(n).
7
Let i(n) = 0 + 0 + 3*n + 3. Let m(d) = -d**2 + 7*d + 43. Let l be m(-5). Let p(j) = -j**3 - 17*j**2 - 4. Let w be p(l). Give i(w).
-9
Suppose -8*t - 4 + 50 + 50 = 0. Let z(p) = 12*p - 3*p**2 + 6*p**2 - 5 - 4*p**2. Calculate z(t).
-5
Let f(t) = -2*t - 3. Let q(l) = -1502*l - 3 - 18 + 1504*l. Suppose 5*v - 17 - 28 = 0. Let i be q(v). What is f(i)?
3
Let z be ((-8)/12)/((-8)/120*5). Let q(r) be the second derivative of 0 + 1/6*r**3 - 17*r + 5/2*r**z. Determine q(4).
9
Suppose -2*r + 5*d + 29 - 32 = 0, 4*r = 4*d - 36. Let p(s) = -s - 15. Calculate p(r).
-1
Let n(v) = 114*v + 906. Let m be n(-8). Let f(g) = -10*g - 67. Determine f(m).
-7
Let w(k) = k**2 + 145947*k - 291887*k + 145943*k - 8. Determine w(-9).
46
Let a(w) = 9*w**3 - 3*w**2 - 4*w + 4. Let i(o) = 2*o**3 - 2*o**2. Let s(f) = -a(f) + 5*i(f). Give s(6).
-16
Let k(w) be the first derivative of w**7/840 - w**6/180 + w**5/60 - 14*w**3/3 + 2*w - 62. Let m(d) be the third derivative of k(d). Determine m(3).
15
Suppose -19 = -5*k - 7*a + 3*a, -k + 5*a = -27. Let s = 6 - k. Let j be (((-1)/s)/1)/(-1). Let v(g) = -2*g**2 - 1. What is v(j)?
-3
Let y(u) be the second derivative of -17*u**4/12 + u**3/3 + u**2/2 - 2*u. Let b be 4 + 4/(-4) - -4. Suppose 2*i = b*i + 5. Give y(i).
-18
Let h(f) = -2*f**2 - 152*f - 74 + 66 + 163*f. What is h(7)?
-29
Let m(q) = -122*q - 391*q + 11 - 2 + 503*q - q**2. Let j(v) = -2*v**2 + 4*v - 3. Let k be j(3). Give m(k).
18
Let m(x) = -2*x**3 + 2*x**2 - 17. Let l(c) = -c**3 + c**2 - 9. Let u(q) = -5*l(q) + 3*m(q). Let r = 1247 + -1258. Let f be 2/(-8)*(r + 0 + 11). Calculate u(f).
-6
Let n(h) = -1 + h**2 - 74*h**3 + 71*h**3 + h**2 + 4 - h - 5*h**2. Determine n(2).
-35
Suppose 9*x + 15*x + 381 - 309 = 0. Let w(j) = 56*j. Give w(x).
-168
Let i(h) = 22*h + 6*h**2 - 5*h**2 + 0*h**2 - 14*h - 3. Let y = 1 + -20. Let u be 4/(-38) + 112/y. Give i(u).
-15
Suppose -1416 = 88*i - 92*i. Let y = i - 353. Let v(c) = 7*c - 1. Give v(y).
6
Suppose -80 + 500 = 75*j - 5*j. Let y(b) = b**3 - 3*b**2 - 10*b - 41. Give y(j).
7
Let z(q) = q**3 - 14*q**2 + 13*q - 1. Let g(w) = -50*w - 1437. Let l be g(-29). Determine z(l).
-1
Let l(v) = -2*v - 155*v**3 - 161*v**3 + 440*v**3 - 127*v**3 + 3. Calculate l(1).
-2
Let v(x) = 3*x - x**3 + 2*x**2 + 1 + 0*x**2 + 2*x**3. Suppose 3*r - 2*t = 25 - 21, 2*r = -t - 9. Calculate v(r).
-5
Let k(v) = -5*v**2 - 4. Let h be ((-195)/(-117))/(10/18). Let s(y) = 7*y - 19. Let l be s(h). Calculate k(l).
-24
Let z = 387 + -369. Suppose -9 = z*p - 21*p. Let f(l) be the second derivative of -2*l**3/3 + l. What is f(p)?
-12
Let i be 1/(10/8)*5. Suppose 75 = -101*z + 106*z. Let c(k) = -2 - z*k + 11*k + 3*k. Give c(i).
-6
Let y(z) = -2*z - 6. Let x(l) be the first derivative of -l**2/2 - 7*l + 66. Let j(f) = 4*x(f) - 3*y(f). Give j(5).
0
Let n be 78/21 + -5 + (-4)/(-14). Let s(r) = r**2 + 1. Let o(q) = 1. Let y(u) = n*o(u) + s(u). Let k = 67 + -65. Determine y(k).
4
Let k(d) 